1
What is -205250 (base 7) in base 8?
-105206
Convert 110110010011001111001010 (base 2) to base 15.
13b29b5
What is -65633603 (base 7) in base 3?
-101121111002012
What is -13e60 (base 16) in base 5?
-10102004
10011101110011010100 (base 2) to base 12
272070
What is -2088540 (base 9) in base 11?
-6a6786
What is -1109a (base 16) in base 6?
-1255030
What is -a81ac3 (base 14) in base 12?
-1aa50b7
What is -1b60b3 (base 13) in base 4?
-2222212220
-501b7c (base 13) to base 15
-26b469
-1533056 (base 7) to base 9
-350005
1b20 (base 15) to base 4
1123320
Convert -a710c (base 13) to base 2.
-1001001100001110010
What is 203212303 (base 4) in base 9?
242047
What is 14440130 (base 5) in base 11?
a6a54
-100100010010011111110 (base 2) to base 3
-2020102011102
Convert -4410155 (base 6) to base 9.
-363478
Convert -a3448 (base 13) to base 2.
-1000111100001001001
What is -1165741 (base 9) in base 8?
-2326371
-145933 (base 11) to base 4
-313201003
-1801368 (base 14) to base 13
-25b51b1
What is 222201001201212 (base 3) in base 10?
14192708
Convert -110001120102121 (base 3) to base 9.
-13046377
541013040 (base 6) to base 16
91f8f0
Convert 140815 (base 10) to base 12.
695a7
What is -362075 (base 8) in base 3?
-20022001022
What is -3300a (base 13) in base 11?
-63375
-110121122001 (base 3) to base 4
-330220000
-10423411 (base 7) to base 12
-372b9a
What is 10305415 (base 6) in base 3?
120110200202
What is -230131034 (base 5) in base 2?
-11111001001101100001
-3e2a (base 15) to base 2
-11010000000011
What is 83abc7 (base 15) in base 14?
b90779
Convert 591235 (base 13) to base 6.
113204421
What is 2440965 (base 10) in base 2?
1001010011111100000101
What is -22022020201 (base 3) in base 12?
-7a731
What is 23999 (base 10) in base 16?
5dbf
-6031 (base 9) to base 11
-3342
a59ca (base 13) to base 8
1106452
What is 2108 (base 10) in base 7?
6101
Convert -686139 (base 10) to base 5.
-133424024
What is 101c1a (base 15) in base 14?
15cd6b
Convert 101110010100000001 (base 2) to base 9.
318184
-2224164 (base 7) to base 9
-458426
-12411003433 (base 5) to base 3
-1001211202220121
What is -163121 (base 7) in base 16?
-7e32
13643e (base 15) to base 14
1a3b63
-11356453 (base 9) to base 3
-101101220111210
Convert -21021422 (base 5) to base 6.
-3414334
Convert -1d727 (base 15) to base 8.
-273560
Convert -343443440 (base 5) to base 6.
-53052505
3352436 (base 12) to base 16
95b8ea
What is 220100102111201 (base 3) in base 4?
301113031120
Convert fd44 (base 16) to base 2.
1111110101000100
What is 56245 (base 9) in base 5?
2144012
What is 1836d3 (base 15) in base 3?
2012202020100
What is -e5b82 (base 16) in base 15?
-138bda
8271a1 (base 11) to base 15
1b33c9
Convert -26338 (base 12) to base 3.
-2122202122
What is 665241 (base 7) in base 13?
413ac
-21b9b17 (base 12) to base 10
-6466051
-2122333 (base 6) to base 4
-121130301
Convert 210212233 (base 4) to base 16.
249af
Convert 120288 (base 10) to base 11.
82413
What is 140829 (base 10) in base 13?
4c140
What is 7468084 (base 10) in base 12?
2601984
What is -111110010101111010 (base 2) in base 11?
-164940
-a34a3 (base 11) to base 16
-24dd8
-110222111222 (base 3) to base 9
-428458
Convert -1110000011011111010110 (base 2) to base 15.
-4cb9aa
What is -108236 (base 11) in base 12?
-83638
Convert -3182358 (base 9) to base 13.
-47a32c
Convert 7450561 (base 8) to base 16.
1e5171
Convert -62696 (base 16) to base 15.
-7e67e
Convert -522025 (base 6) to base 5.
-2320141
Convert 43335001 (base 6) to base 8.
4723511
What is -1101001001100101100 (base 2) in base 4?
-1221030230
201011011 (base 4) to base 12
664b1
What is b544 (base 13) in base 9?
37343
Convert -6b93 (base 13) to base 11.
-10433
Convert 11000010001011111000110 (base 2) to base 15.
85a553
Convert -105626610 (base 7) to base 3.
-110011020220010
Convert 10110000000000101 (base 2) to base 7.
523506
What is -56c91 (base 16) in base 12?
-151869
34130210 (base 6) to base 7
11552514
13301022 (base 4) to base 15
9663
-4dec2b (base 16) to base 6
-301242135
What is -1523550 (base 9) in base 8?
-3155315
-10a77c (base 13) to base 4
-1200110311
What is 22211221100010 (base 3) in base 11?
27224a8
Convert -2601b5b (base 13) to base 7.
-203011425
What is 4636616 (base 7) in base 6?
20241502
Convert -289780 (base 10) to base 3.
-112201111121
Convert 2ba6c (base 15) to base 5.
14000402
What is -d0ca4 (base 14) in base 6?
-14431344
What is 16a902 (base 11) in base 7?
2144430
1331022002 (base 4) to base 3
222001012202
What is -26521540 (base 8) in base 16?
-5aa360
-21d01c (base 14) to base 9
-2142153
What is -428419 (base 12) in base 6?
-34310433
Convert 11100010110001010111 (base 2) to base 12.
389647
What is -100010010001101000101000 (base 2) in base 15?
-bc73d8
What is e707cc (base 16) in base 9?
31436254
What is -3022323 (base 8) in base 11?
-4a3a39
What is -60a37 (base 13) in base 2?
-101010010000101110
Convert -442236 (base 9) to base 3.
-111102021020
What is -20255350 (base 7) in base 15?
-237187
254ca (base 15) to base 8
350657
-637277 (base 11) to base 7
-11445250
21220010001102 (base 3) to base 12
14a35a8
What is 801303 (base 9) in base 11?
2a3714
-81502 (base 15) to base 6
-12435502
Convert 133120331 (base 4) to base 11.
88665
What is -3226420 (base 7) in base 5?
-100044011
-224247 (base 8) to base 11
-5206a
What is 7cc57 (base 13) in base 2?
110111110000100111
What is -103244307 (base 8) in base 6?
-1430130503
What is -10022011011200 (base 3) in base 13?
-49597b
Convert -11033101 (base 4) to base 16.
-53d1
-6702533 (base 8) to base 2
-110111000010101011011
What is 621a9c (base 13) in base 11?
1323755
Convert 111110112022 (base 3) to base 5.
31440023
What is -5488e (base 15) in base 14?
-6dc2b
-110001001001111100 (base 2) to base 10
-201340
2355906 (base 12) to base 6
402234010
-4a7546 (base 12) to base 6
-42015330
What is -2523660 (base 10) in base 14?
-4999b6
What is 3347019 (base 10) in base 15?
461a99
-25105522 (base 6) to base 13
-22119b
What is acb479 (base 14) in base 15?
7ae53c
What is 1101010001111110010 (base 2) in base 12?
18ba16
What is -7245153 (base 8) in base 9?
-3545163
Convert 76631 (base 8) to base 9.
48085
Convert -3218a4 (base 12) to base 10.
-790972
What is 42968 (base 13) in base 14?
31b6d
Convert 102242 (base 13) to base 9.
632785
Convert -130232001 (base 4) to base 15.
-24cc3
-10100010010110011011100 (base 2) to base 10
-5319900
What is 1623114 (base 8) in base 13?
13536a
Convert 115306 (base 9) to base 14.
1b488
Convert 244034432 (base 5) to base 16.
11ae56
What is -1501aa5 (base 13) in base 9?
-13522218
Convert 111011101101110100 (base 2) to base 16.
3bb74
Convert 110332324 (base 5) to base 10.
480339
316513 (base 12) to base 10
778335
Convert -122122302 (base 4) to base 10.
-108210
Convert -12110212022 (base 3) to base 16.
-1a510
Convert 84b47 (base 12) to base 7.
1324366
What is 2528c9b (base 13) in base 14?
1778905
What is -ab87 (base 16) in base 6?
-535143
What is 621711 (base 8) in base 9?
343232
What is 330576 (base 13) in base 4?
10211011320
-564646 (base 9) to base 12
-143773
Convert 21312320030 (base 4) to base 16.
276e0c
Convert 209884 (base 14) to base 4.
10031003030
-135030 (base 10) to base 13
-495cc
a50451 (base 11) to base 5
412344010
What is 39b20 (base 12) in base 13?
2a183
What is -118a644 (base 11) in base 9?
-3785027
102012202211 (base 3) to base 14
5a61a
What is -156511 (base 8) in base 4?
-31311021
What is -1084516 (base 9) in base 10?
-587265
1233045 (base 6) to base 7
365450
Convert 10043344 (base 5) to base 15.
19069
Convert -2b5334 (base 13) to base 12.
-436284
5477232 (base 9) to base 4
23032321232
Convert -1ae154 (base 16) to base 2.
-110101110000101010100
What is -10212221000001 (base 3) in base 7?
-23361106
-26d60b (base 15) to base 4
-13013333120
Convert 365023 (base 7) to base 12.
32627
What is -25166535 (base 7) in base 6?
-120344013
Convert -2d310d (base 15) to base 2.
-1000010101111111100110
Convert -2105152 (base 9) to base 3.
-2010012011202
Convert -27fb7 (base 16) to base 15.
-337cc
-45863 (base 12) to base 10
-92811
What is -5314117 (base 9) in base 11?
-1672758
11925c (base 13) to base 10
420042
Convert 193b04b (base 12) to base 7.
63051365
10443323 (base 6) to base 5
40120440
-10412051 (base 6) to base 13
-ac4b6
What is 11110110100011101